ivisor of d and a.
8
Suppose 33*s = 380 + 16. Suppose -2*p + 0*k + 116 = k, 0 = -4*p - k + 236. Calculate the highest common factor of p and s.
12
Let c be 2/(-8) + 23/(-4). Let j(r) = -3 - 8*r**2 + r - 10*r - 2 + 7*r**2. Let n be j(c). Calculate the greatest common divisor of 65 and n.
13
Let z(b) = b**3 + 6*b**2 + 5*b + 5. Let x be z(-4). Let h = 77 - x. What is the greatest common factor of 6 and h?
6
Let i(d) = -d**2 + 51*d - 201. Let l be i(42). What is the highest common factor of l and 295?
59
Let r be 3*(0 + -2 + 3). Let g(u) = -2*u + 16. Let x be g(5). Suppose -5*c - k + 10 = -2, -2*k - x = 0. Calculate the greatest common divisor of c and r.
3
Let x be 1818/505*(-1 + 66). Calculate the highest common divisor of x and 104.
26
Suppose 3*s - 264 = 360. Calculate the highest common factor of 16 and s.
16
Let a be (-260)/(-39) + 4/3. Let j(m) = -m**2 + 15*m - 42. Let z be j(a). What is the highest common divisor of z and 266?
14
Let s = -6197 - -6312. Suppose -3*l = l - 92. What is the highest common divisor of l and s?
23
Suppose -28 = -9*w + 17. Calculate the greatest common factor of w and 80.
5
Suppose -14*j - 471 + 1759 = 0. What is the greatest common factor of j and 506?
46
Suppose 12*c + 15 = 13*c. Calculate the highest common factor of 120 and c.
15
Let y(p) = -p**2 - p + 4. Let z be y(2). Let o be 6 - (z - 2)/4. Calculate the greatest common divisor of o and 14.
7
Suppose -10*u + 18 = -13*u. Let s(i) = -22*i - 50. Let c be s(u). Calculate the greatest common factor of c and 41.
41
Suppose 2*d + 11 = 17. Suppose -37 - 2 = -d*f. Calculate the highest common factor of f and 65.
13
Suppose -12 = 10*d - 14*d. Suppose 2 = -y + d*y. Suppose 1 + 1 = g - 3*t, 3*t + 18 = 3*g. What is the greatest common factor of y and g?
1
Let l(a) = -a**3 + 3*a**2 - 2*a + 4. Let v be l(2). Suppose -3*q = v*q - 273. What is the highest common factor of q and 273?
39
Suppose 5*c - 1800 = -5*s, -5 = 5*s - 0. What is the greatest common divisor of c and 19?
19
Let u(g) = -g**3 + 3*g**2 + 6*g - 6. Let m = 0 - -4. Let h be u(m). Suppose -2*v + h = -22. Calculate the greatest common divisor of v and 12.
12
Suppose -k = -5*f + 19, 4*f = -5*k + k + 20. Suppose -f*l - 1 + 65 = 0. Calculate the greatest common divisor of 40 and l.
8
Suppose 3*g + 13*g - 4032 = 0. Suppose 0 = -4*h + 99 - 27. What is the greatest common divisor of g and h?
18
Suppose 0 = -512*i + 511*i + 588. What is the highest common divisor of i and 12?
12
Suppose 0 = -4*l + 6 + 18. Let t(u) = u**3 - 4*u**2 - u + 2. Let v be t(4). Let s = 0 - v. Calculate the greatest common factor of s and l.
2
Let p(h) = 1 - h + 0*h + 2*h + 0*h. Let c be p(11). Calculate the highest common divisor of c and 4.
4
Suppose -4*v + 4*n - 16 = 0, -2*v + n = 2*v + 4. Suppose v = -3*a - 2*a + 435. Calculate the greatest common factor of 29 and a.
29
Let i be (3 + 2)*(-8)/(-5). Suppose 0 = -0*l + 3*l - 291. Let x = l + -25. What is the greatest common divisor of x and i?
8
Let n = 63 + 18. Calculate the highest common factor of 27 and n.
27
Suppose 20*h - 10*h - 70 = 0. Calculate the greatest common factor of h and 5.
1
Let l be ((-36)/15)/12 - 1376/(-5). What is the highest common factor of 110 and l?
55
Let c be (-10)/(-50)*2*20. What is the highest common divisor of c and 116?
4
Let b(w) = 2*w**2 - 11*w + 4. Let j(y) = -3*y**2 + 10*y - 5. Let q(g) = 4*b(g) + 3*j(g). Let z be q(-11). Calculate the greatest common factor of z and 17.
17
Suppose 7*q - 3*q - 2700 = 0. Calculate the highest common divisor of 125 and q.
25
Let g(h) = -3*h - 22. Let j(a) = -a - 1. Let b(t) = -g(t) + 4*j(t). Let y be b(14). Suppose 176 = 4*m - 0*m. What is the greatest common factor of y and m?
4
Suppose -3*w - 53*v = -58*v - 761, -2*w + 2*v + 502 = 0. Calculate the highest common divisor of w and 19.
19
Let v = -1429 + 1451. What is the highest common factor of v and 792?
22
Let i(c) = 4*c + 14. Let l = -5 + -3. Let g be i(l). Let h = g + 19. Calculate the greatest common divisor of 9 and h.
1
Let d(f) be the second derivative of -5*f**3/6 + 33*f**2/2 - 19*f. Let x be d(0). Let s be 7/3 - 2/(-3). What is the highest common divisor of s and x?
3
Let q be -42*(-1 - (-5 + (8 - -1))). Calculate the highest common factor of 30 and q.
30
Let u = 66 + -59. Suppose 430 = 3*r + u*p - 2*p, -4*r = 2*p - 578. Calculate the greatest common divisor of 29 and r.
29
Let x(m) = -9 - 2 - 2 + 13*m. Let o be x(-4). Let v = o + 95. Calculate the highest common factor of 15 and v.
15
Suppose -2*q = q - 6. Suppose -7*c + q*c - 2*d = -20, -4*d + 24 = 2*c. Suppose -c*m + 51 = m. Calculate the highest common divisor of 85 and m.
17
Suppose -4*o - 812 = 252. Let x = -182 - o. Suppose -17*b - 14 = -18*b. What is the highest common factor of x and b?
14
Let q = -1881 - -1983. Calculate the greatest common factor of q and 272.
34
Let b be (1 - 6) + 4 + 17. Suppose b*x = 13*x + 324. What is the greatest common divisor of 27 and x?
27
Let v = -885 + 897. Calculate the greatest common divisor of 114 and v.
6
Let i be (6 + -11 + 5)*-1 + 629. Calculate the highest common factor of i and 68.
17
Suppose 5*o = -5*v + 2*v - 13, 5*o + 45 = 5*v. Let n be 2/v + 202/4. Let g = 1372 - 1355. What is the highest common factor of g and n?
17
Let c = -63 - -111. Let u = c - 29. Calculate the highest common factor of 133 and u.
19
Let n be 122 - (-24)/(6/1). Let i = 153 - n. What is the greatest common divisor of 27 and i?
27
Suppose 39*f = 5*f + 7514. What is the highest common divisor of f and 39?
13
Let l(v) = -v**2 - 22*v + 24. Let w be l(-19). What is the highest common factor of 18 and w?
9
Let k be 12/5*(-15)/(-6). Suppose 0 = -3*o + w - k, 8 = -0*o - 4*o - 4*w. Let h = o + 19. What is the highest common divisor of h and 170?
17
Let c = 3685 + -1728. What is the greatest common factor of c and 19?
19
Let a be 23 - (2 + 1/(-1)). Let z be a*(4 - (-1 + 3)). Suppose 0 = 21*o + 47*o - 32*o - 2376. What is the highest common divisor of z and o?
22
Let z be (0 - 2) + 0 + 30. Let j(f) = 11*f + 10 - 10 + 32 - 6*f. Let p be j(-5). Calculate the greatest common divisor of p and z.
7
Let p = -98 + 112. Suppose 4*w - 6*l + 5*l - 564 = 0, 0 = -3*w - 3*l + 408. Calculate the highest common factor of w and p.
14
Suppose 0 = -731*k + 730*k + 66. Calculate the greatest common divisor of k and 18.
6
Let x(k) = 7*k - 48. Let z be x(9). Calculate the greatest common factor of z and 645.
15
Let u(d) = -15*d**2 - 35*d. Let x(m) = 3*m**2 + 7*m. Let g(w) = 2*u(w) + 11*x(w). Let a be g(-5). Calculate the greatest common factor of 160 and a.
40
Suppose 0 = 12*w - 9168 - 6288. What is the highest common factor of w and 56?
56
Let a be (-1)/(-1)*(0 + 13). Let z = 1 - -10. Let i(b) = 14*b - 24. Let s be i(z). Calculate the highest common divisor of a and s.
13
Suppose 2*b = -2*r + 80, 4*b + 8*r = 6*r + 164. What is the greatest common divisor of 56 and b?
14
Suppose 0 = 3*p - 30. Let y be ((-20)/5 - p)/(-2). What is the highest common factor of 14 and y?
7
Let b = 2132 - 2076. Calculate the highest common divisor of b and 68.
4
Let s be ((-5)/(75/(-18)))/(63/420). Calculate the greatest common factor of 252 and s.
4
Let b(c) = c. Let k(t) = -10*t + 6. Let r(u) = -8*b(u) - k(u). Let m be r(4). Let v be 6 - (m/(-2) - -3). Calculate the greatest common divisor of v and 4.
4
Let z(c) = 3*c**3 + 6*c**2 - c + 2. Let y be z(4). Let m be (9/(-15) + 1)*(-1 + 66). What is the greatest common divisor of m and y?
26
Suppose -p + 2*p + 98 = x, p + 383 = 4*x. Suppose -16 = -3*i + x. Let k = i + -33. Calculate the highest common divisor of 4 and k.
4
Suppose 5*a - 245 = -0*d - 5*d, -44 = -d + 4*a. Let n = d + -25. What is the greatest common factor of 92 and n?
23
Let m = -2 + 6. Suppose 10*i = m*i. Suppose 2*h + 2*h - 180 = i. What is the greatest common divisor of h and 18?
9
Let c be (368/10)/(4/20). Suppose -m - c = -4*m + 2*s, 2*s - 328 = -5*m. Suppose -26 = -5*u + m. What is the highest common divisor of 90 and u?
18
Suppose -v - 2*v = 51. Let k = v + 19. Suppose 0 = -k*n - 2*n + 56. Calculate the greatest common factor of 154 and n.
14
Let x be 8/(-36) + 2/9. Suppose 3*w + x*w = 12, 5*h + w = 4. Let f be -2 - -22 - (2 - h). Calculate the highest common factor of 9 and f.
9
Let l(x) = -10*x. Let u be l(3). Let r = u